1
Let l = -1905 - -4035. What are the prime factors of l?
2, 3, 5, 71
Let b(i) = -i**3 + 10*i**2 + 29*i + 6. Let z be b(14). What are the prime factors of 6 + (-2 - (z + -1))?
13, 29
Let y(j) = -j + 3. Let c be y(-2). Suppose c*q - 452 = -2. List the prime factors of q + -13 + -5 + 1.
73
Let a(v) = 12*v + 31. Let z be a(-2). List the prime factors of (-2 + z - -9)/(2/218).
2, 7, 109
Let o(i) be the second derivative of i**5/10 + 7*i**4/3 - 5*i**3/3 + 9*i**2 - 29*i + 1. What are the prime factors of o(-10)?
2, 3, 17
Let a(h) = -501*h**3 - 3*h**2 - 5*h - 2. Let o = -317 + 316. List the prime factors of a(o).
3, 167
Let s(m) = 5*m**2 - 33*m + 50. Let l be s(-15). Let q = l - 626. What are the prime factors of q?
2, 3, 29
Let y = -78264 - -116470. What are the prime factors of y?
2, 7, 2729
Let g(y) = -9*y + 2. Suppose -4 + 6 = 2*z. Let k be 2/6 - 3/9 - z. What are the prime factors of g(k)?
11
Let n = -3811 + 12020. What are the prime factors of n?
8209
Let t = 2641 - -46193. List the prime factors of t.
2, 3, 2713
Suppose 0 = -f - 5*r + 4852, -5*f = -5*r + 6*r - 24380. List the prime factors of f.
4877
Let b be 129/27 + (-4)/(-18). Suppose 828 = b*z - 8*z. What are the prime factors of 32/48*z/(-2)?
2, 23
Suppose 0 = -16*i - 0*i - u + 15920, -i - 4*u = -995. What are the prime factors of i?
5, 199
Suppose 0*b = -5*b + 65. Let r(q) = -q**2 + 15*q - 30. Let x be r(b). What are the prime factors of (-214)/(3 + -1 + x)?
107
Suppose -6*h + 13 - 13 = 0. Suppose 527 = 3*p + 4*o, h = -p + 4*p + 2*o - 517. List the prime factors of p.
13
Let g = -178 + 1142. Suppose 68 = -f + g. What are the prime factors of f?
2, 7
Suppose 142 + 73 = 43*v. Suppose -v*a - s = -1340, -a - 3*a = -s - 1063. What are the prime factors of a?
3, 89
What are the prime factors of (-6 + (31/(-2) - -6))/(5/(-7500))?
2, 3, 5, 31
Suppose -8*r - 5*r = -650. Suppose -19*a + r = -26. Suppose 3*f - 2*f - 3*h - 233 = 0, 972 = a*f - 4*h. What are the prime factors of f?
2, 31
Let y = -1365 + 781. Let f = y - -876. Let d = f + -143. List the prime factors of d.
149
Let k = 679 - 304. Suppose -n - 4164 = -4*j - k, -j + 4*n + 966 = 0. What are the prime factors of j?
2, 11, 43
Let v = -6185 + 45142. List the prime factors of v.
163, 239
Let n(x) = 146*x + 2119. What are the prime factors of n(27)?
11, 19, 29
Let s(u) = 134*u - 1 - 136*u + 2 + 1388*u**2 + 1. List the prime factors of s(1).
2, 347
Let n be 2550/12*(-8)/10. Let m = n + 286. Suppose -f + 408 = 4*g, -2*g + f + 326 - m = 0. What are the prime factors of g?
103
Let j(p) = -11*p**3 - 4*p**2 + 11*p - 30. Let b(l) = 12*l**3 + 5*l**2 - 11*l + 31. Let s(u) = -3*b(u) - 4*j(u). List the prime factors of s(4).
7, 73
Suppose -12 = 15*d - 19*d. List the prime factors of 897 + 6/16 + d/(-8).
3, 13, 23
List the prime factors of (-40)/(-30) - 1126984/(-24).
3, 11, 1423
Suppose o + 4*j = -2, 2*o + 5*j + 12 = 11. Let m(b) = 52*b**2 + 6*b - 5. What are the prime factors of m(o)?
5, 43
Let q(l) = 1304*l**3 - 4*l**2 + 6*l + 45. What are the prime factors of q(4)?
7, 11923
Suppose -422014 = -8*l + 90546. Suppose 742 + l = 66*q. What are the prime factors of q?
2, 491
Suppose -6*u + 8*u - 2 = 0. Suppose 0 + u = q. List the prime factors of (35/(-15))/(q/(-21)).
7
Let i(z) = -37*z**2 - 3*z + 13. Let t be i(-6). Let b = -535 - t. List the prime factors of b.
2, 383
What are the prime factors of (-14 - (-80)/6)*-7269?
2, 2423
Let v(u) = -3695*u**3 - 10*u**2 - 10*u + 1. What are the prime factors of v(-1)?
2, 3, 7, 11
Let t(z) = -8164*z + 121. What are the prime factors of t(-1)?
5, 1657
Let k = -160 - -159. What are the prime factors of (0 - 451)/(k*6/12)?
2, 11, 41
Let q be ((-3)/2)/((-1)/(-294)). Let j = 452 - q. What are the prime factors of j?
19, 47
Let i = 1677 - 356. Suppose -3*g = m - i, -5*m + g + 1796 = -4825. List the prime factors of m.
2, 331
Let d = -42 - 138. List the prime factors of (-26 + d)/((-1)/2).
2, 103
Let o = 2454 - 978. What are the prime factors of 2*(o/8 - -4)?
13, 29
Let d(g) be the third derivative of g**6/120 + g**5/6 + 3*g**4/8 - 5*g**3/6 - 2*g**2. Let f = 503 - 508. What are the prime factors of d(f)?
3, 5
Let x(d) be the first derivative of 17*d**2/2 - 21*d - 12. Let k be x(3). List the prime factors of (k/(-45))/(4/(-318)).
53
Suppose 0 = 3*x + 2*g - 3 - 0, x - 2*g - 9 = 0. Suppose t + x*h = 5*h + 935, -3*h - 1872 = -2*t. What are the prime factors of t?
3, 313
Let g be 10/2*(-1)/(-1). Let a be 2/g + (-247)/(-95). Suppose -a*m - 37 - 26 = -k, 3*k + 5*m = 119. What are the prime factors of k?
2, 3
Let m(p) = p + 13. Suppose -3*u + 4*y = 2, -4*u + 4*y - 8 = -0. Let r be m(u). Let h(d) = 16*d - 2. What are the prime factors of h(r)?
2, 5, 11
Let t(y) = 4*y - 2*y**2 - 14*y - 19 + 9*y**2 - 17 - y**2. List the prime factors of t(-9).
2, 3, 5
Suppose -3*t + 7189 = f - 2273, 2*t = -10. List the prime factors of f.
3, 13
Suppose 4*x - 3*d + 192 = -3, -5*x - 261 = 2*d. Let q = x - -48. Let v(n) = -40*n - 6. List the prime factors of v(q).
2, 3, 19
Let h(p) = -92*p + 17*p + 38*p - 50. List the prime factors of h(-21).
727
Let o be 2*10/(-8)*2. Let d(c) = -220*c + 4. List the prime factors of d(o).
2, 3, 23
Suppose 4*p = -2*w + 14558, 5*w + 69 = -p + 3713. List the prime factors of p/(-8 - (-20 - -9)).
1213
List the prime factors of 5/(-15)*187364/(-6)*(-270)/(-60).
31, 1511
Let u(y) = -26*y**3 + 3*y**2 - 2. Let q be u(-3). Let j = q + -499. List the prime factors of j.
2, 3, 19
Let g(t) = -61*t - 2. Let j be g(-1). Let r = j + -49. List the prime factors of (-2)/(-4)*r*3.
3, 5
Let s = -73761 + 106328. What are the prime factors of s?
29, 1123
Let f(a) = 139 - 139 + 21*a - a**3 + 14*a**2. What are the prime factors of f(15)?
2, 3, 5
Let m(k) = -k**3 + 19*k**2 - k + 38. Let y be m(11). Let o = y + -373. What are the prime factors of o?
2, 311
Let d(v) = 96*v**2 + 285*v - 1731. List the prime factors of d(6).
3, 5, 229
Suppose -o + 240 = 3*d + 24, -5*o - 4*d + 1025 = 0. What are the prime factors of 97/1*3*67/o?
97
Suppose 0 = -12*v + 8695 + 28529. List the prime factors of v.
2, 3, 11, 47
Let a be (-23771)/(-66) + (-4)/24. What are the prime factors of (8/(-10))/(4 + (-1448)/a)?
2, 3
Let b(z) = -2*z**2 + z - 9. Let w be b(0). List the prime factors of (174/9 + -1)/(w/(-135)).
5, 11
Let v = -32 + -32. Let h = 75 + v. Suppose 952 + 1138 = h*x. What are the prime factors of x?
2, 5, 19
Let c(r) = 5 + 25*r + 2*r**3 - r**3 + 20*r**2 + 0*r**3. Let l(h) = 88*h - 4594. Let n be l(52). What are the prime factors of c(n)?
7, 29
Let h = -19036 - -68228. Suppose -38*k + h = 6*k. What are the prime factors of k?
2, 13, 43
Suppose 0 = 4*u - 8*u - 48. List the prime factors of u/21 - 50/(-14).
3
Suppose 3*n - 7*n + 1068 = 0. Suppose -n = -3*l + 393. Suppose l = -0*f + 4*f. What are the prime factors of f?
5, 11
Let c(s) = -3851*s + 153. What are the prime factors of c(-5)?
2, 1213
List the prime factors of 18 + 60/(-12) + 4826.
3, 1613
Let i(c) = 51*c + 24. Let v be i(5). Let z = 58 + v. What are the prime factors of z?
337
Let l(g) = -2*g**3 - 8*g**2 - 23*g + 6. Let n be l(-14). Suppose -6*a + 18*a = n. What are the prime factors of a?
2, 3, 59
Let h(j) = -2*j**2 + 6*j + 4. Let y be h(3). Let c = 4 - -230. Suppose 4*r + 2*u = c, -2*u + 3*u = -y*r + 239. What are the prime factors of r?
61
Let p = 55 - 53. Suppose p*j = z + 2*z - 11, 0 = -5*j - 5*z - 65. List the prime factors of (j/14 - -1) + (-1212)/(-21).
2, 29
Suppose -p - 139 = -154. Suppose p*n + 130 = 16*n. List the prime factors of n.
2, 5, 13
Suppose -34830 = -8*t + 248090. What are the prime factors of t?
5, 11, 643
Let v = -290 + 1216. Suppose -4246 - v = -12*n. List the prime factors of n.
431
Suppose 6 = -4*y - 10. Let b = y - -6. List the prime factors of (-53)/(-4) - b/8.
13
Let k = 24755 - -5462. What are the prime factors of k?
11, 41, 67
Let j be (-17)/68 - (-9)/4. Suppose k - 3720 = -4*k - j*c, 2*k + 4*c - 1488 = 0. What are the prime factors of k?
2, 3, 31
Let d be 11/5 - 17/85. Suppose -3*w = -7*w - d*g + 2414, -w + 621 = 4*g. What are the prime factors of w?
601
Let t(b) = 28*b - 148. Let p be t(5). What are the prime factors of (3 + -85)/(2/p)?
2, 41
Suppose 76*a + 14 = 69*a, 0 = 5*g - 3*a - 171446. List the prime factors of g.
2, 2143
Suppose -4*x = 2*r - 6394, -2*x + 